{"id":1608,"date":"2024-01-29T11:39:33","date_gmt":"2024-01-29T17:39:33","guid":{"rendered":"https:\/\/conectividad.campeche.gob.mx\/?page_id=1608"},"modified":"2025-12-18T10:48:36","modified_gmt":"2025-12-18T16:48:36","slug":"impacto","status":"publish","type":"page","link":"https:\/\/conectividad.campeche.gob.mx\/?page_id=1608","title":{"rendered":"Impacto"},"content":{"rendered":"<p>[et_pb_section fb_built=&#8221;1&#8243; _builder_version=&#8221;4.25.1&#8243; _module_preset=&#8221;default&#8221; background_color=&#8221;#9F2241&#8243; global_colors_info=&#8221;{}&#8221;][et_pb_row _builder_version=&#8221;4.19.2&#8243; _module_preset=&#8221;default&#8221; global_colors_info=&#8221;{}&#8221;][et_pb_column type=&#8221;4_4&#8243; _builder_version=&#8221;4.19.2&#8243; _module_preset=&#8221;default&#8221; global_colors_info=&#8221;{}&#8221;][et_pb_text _builder_version=&#8221;4.19.2&#8243; _module_preset=&#8221;default&#8221; header_font=&#8221;|600|on||||||&#8221; header_text_color=&#8221;#FFFFFF&#8221; global_colors_info=&#8221;{}&#8221;]<\/p>\n<h1 style=\"text-align: center;\">Impacto<\/h1>\n<p>[\/et_pb_text][\/et_pb_column][\/et_pb_row][\/et_pb_section][et_pb_section fb_built=&#8221;1&#8243; _builder_version=&#8221;4.19.2&#8243; _module_preset=&#8221;default&#8221; global_colors_info=&#8221;{}&#8221;][et_pb_row _builder_version=&#8221;4.19.2&#8243; _module_preset=&#8221;default&#8221; global_colors_info=&#8221;{}&#8221;][et_pb_column type=&#8221;4_4&#8243; _builder_version=&#8221;4.19.2&#8243; _module_preset=&#8221;default&#8221; global_colors_info=&#8221;{}&#8221;][et_pb_text _builder_version=&#8221;4.19.2&#8243; _module_preset=&#8221;default&#8221; text_text_color=&#8221;#6b6b6b&#8221; text_font_size=&#8221;18px&#8221; global_colors_info=&#8221;{}&#8221;]<\/p>\n<p><strong>Impacto econ\u00f3mico.<\/strong><\/p>\n<p>[\/et_pb_text][\/et_pb_column][\/et_pb_row][et_pb_row _builder_version=&#8221;4.19.2&#8243; _module_preset=&#8221;default&#8221; global_colors_info=&#8221;{}&#8221;][et_pb_column type=&#8221;4_4&#8243; _builder_version=&#8221;4.19.2&#8243; _module_preset=&#8221;default&#8221; global_colors_info=&#8221;{}&#8221;][et_pb_text _builder_version=&#8221;4.19.2&#8243; _module_preset=&#8221;default&#8221; text_text_color=&#8221;#6b6b6b&#8221; text_font_size=&#8221;18px&#8221; custom_padding=&#8221;||0px|||&#8221; global_colors_info=&#8221;{}&#8221;]<\/p>\n<p style=\"text-align: justify;\">En las zonas urbanas que se conectar\u00e1n con fibra \u00f3ptica ya no ser\u00e1 necesario contratar servicios de telecomunicaciones de forma individual, el acceso a banda ancha, publicaciones ip, servicios de nube y servicios de voz y datos ser\u00e1 contratado de forma centralizada para distribuirlos de forma m\u00e1s eficiente y de mayor calidad para poder ampliar este tipo de servicios a las escuelas, centros de salud y oficinas de gobierno que no contaban con \u00e9l ya sea porque no contaban con recursos econ\u00f3micos o no contaban con infraestructura digital comercial en su localidad.<\/p>\n<p>[\/et_pb_text][et_pb_text _builder_version=&#8221;4.19.2&#8243; _module_preset=&#8221;default&#8221; text_text_color=&#8221;#6b6b6b&#8221; text_font_size=&#8221;18px&#8221; global_colors_info=&#8221;{}&#8221;]<\/p>\n<p style=\"text-align: justify;\">En las zonas rurales que se conectaran con banda ancha satelital ya no ser\u00e1 necesario contratar servicios de conexi\u00f3n a internet que eran muy costosos ya que las grandes empresas de telecomunicaciones decidieron no instalar la infraestructura digital aduciendo que la dispersi\u00f3n de la poblaci\u00f3n provocaba la inviabilidad comercial del servicio.<\/p>\n<p style=\"text-align: justify;\">A\u00f1adiendo tambi\u00e9n que los pobladores rurales ya no tienen que gastar el 10% de su sueldo en servicios de conectividad comprados a proveedores no regularizados que considerando que el promedio del salario de un trabajador rural en Campeche es de $5,000.00 pesos al mes, el gasto promedio es de $500 pesos multiplicado por 77,572 habitantes rurales que son el estimado de personas que tienen posibilidades de tener un celular y poder comprar el servicio en las zonas rurales y remotas representar\u00eda un ahorro de $456\u00a0 millones de pesos al a\u00f1o.<\/p>\n<p>[\/et_pb_text][\/et_pb_column][\/et_pb_row][et_pb_row _builder_version=&#8221;4.19.2&#8243; _module_preset=&#8221;default&#8221; global_colors_info=&#8221;{}&#8221;][et_pb_column type=&#8221;4_4&#8243; _builder_version=&#8221;4.19.2&#8243; _module_preset=&#8221;default&#8221; global_colors_info=&#8221;{}&#8221;][et_pb_text _builder_version=&#8221;4.25.1&#8243; _module_preset=&#8221;default&#8221; text_text_color=&#8221;#6b6b6b&#8221; text_font_size=&#8221;18px&#8221; global_colors_info=&#8221;{}&#8221;]<\/p>\n<p><strong>Impacto social.<\/strong><\/p>\n<p>[\/et_pb_text][\/et_pb_column][\/et_pb_row][et_pb_row column_structure=&#8221;3_5,2_5&#8243; _builder_version=&#8221;4.19.2&#8243; _module_preset=&#8221;default&#8221; global_colors_info=&#8221;{}&#8221;][et_pb_column type=&#8221;3_5&#8243; _builder_version=&#8221;4.19.2&#8243; _module_preset=&#8221;default&#8221; global_colors_info=&#8221;{}&#8221;][et_pb_text _builder_version=&#8221;4.19.2&#8243; _module_preset=&#8221;default&#8221; text_text_color=&#8221;#6b6b6b&#8221; text_font_size=&#8221;18px&#8221; global_colors_info=&#8221;{}&#8221;]<\/p>\n<p style=\"text-align: justify;\">En las zonas rurales que se conectaran con banda ancha satelital ya no ser\u00e1 necesario contratar servicios de conexi\u00f3n a internet que eran muy costosos ya que las grandes empresas de telecomunicaciones decidieron no instalar la infraestructura digital aduciendo que la dispersi\u00f3n de la poblaci\u00f3n provocaba la inviabilidad comercial del servicio.<\/p>\n<p style=\"text-align: justify;\">A\u00f1adiendo tambi\u00e9n que los pobladores rurales ya no tienen que gastar el 10% de su sueldo en servicios de conectividad comprados a proveedores no regularizados que considerando que el promedio del salario de un trabajador rural en Campeche es de $5,000.00 pesos al mes, el gasto promedio es de $500 pesos multiplicado por 77,572 habitantes rurales que son el estimado de personas que tienen posibilidades de tener un celular y poder comprar el servicio en las zonas rurales y remotas representar\u00eda un ahorro de $456\u00a0 millones de pesos al a\u00f1o.<\/p>\n<p>[\/et_pb_text][\/et_pb_column][et_pb_column type=&#8221;2_5&#8243; _builder_version=&#8221;4.19.2&#8243; _module_preset=&#8221;default&#8221; global_colors_info=&#8221;{}&#8221;][et_pb_image src=&#8221;https:\/\/conectividad.campeche.gob.mx\/wp-content\/uploads\/impacto_social.png&#8221; title_text=&#8221;impacto_social&#8221; show_in_lightbox=&#8221;on&#8221; _builder_version=&#8221;4.19.2&#8243; _module_preset=&#8221;default&#8221; box_shadow_style=&#8221;preset1&#8243; global_colors_info=&#8221;{}&#8221;][\/et_pb_image][\/et_pb_column][\/et_pb_row][et_pb_row _builder_version=&#8221;4.19.2&#8243; _module_preset=&#8221;default&#8221; custom_padding=&#8221;||4px|||&#8221; global_colors_info=&#8221;{}&#8221;][et_pb_column type=&#8221;4_4&#8243; _builder_version=&#8221;4.19.2&#8243; _module_preset=&#8221;default&#8221; global_colors_info=&#8221;{}&#8221;][et_pb_text _builder_version=&#8221;4.19.2&#8243; _module_preset=&#8221;default&#8221; text_text_color=&#8221;#6b6b6b&#8221; text_font_size=&#8221;18px&#8221; global_colors_info=&#8221;{}&#8221;]<\/p>\n<p style=\"text-align: justify;\"><strong>Impacto medio ambiental.<\/strong><\/p>\n<p>[\/et_pb_text][et_pb_text _builder_version=&#8221;4.19.2&#8243; _module_preset=&#8221;default&#8221; text_text_color=&#8221;#6b6b6b&#8221; text_font_size=&#8221;18px&#8221; global_colors_info=&#8221;{}&#8221;]<\/p>\n<p style=\"text-align: justify;\">Al contar con conectividad en estas 300 comunidades la comunicaci\u00f3n entre instancias de gobierno, sean estas educativas, de salud o de gobierno, requerir\u00e1n menos viajes terrestres de funcionarios disminuyendo la huella de carbono del gobierno en su conjunto.<\/p>\n<p>[\/et_pb_text][\/et_pb_column][\/et_pb_row][et_pb_row _builder_version=&#8221;4.19.2&#8243; _module_preset=&#8221;default&#8221; global_colors_info=&#8221;{}&#8221;][et_pb_column type=&#8221;4_4&#8243; _builder_version=&#8221;4.19.2&#8243; _module_preset=&#8221;default&#8221; global_colors_info=&#8221;{}&#8221;][et_pb_text _builder_version=&#8221;4.25.1&#8243; _module_preset=&#8221;default&#8221; text_text_color=&#8221;#6b6b6b&#8221; text_font_size=&#8221;18px&#8221; hover_enabled=&#8221;0&#8243; global_colors_info=&#8221;{}&#8221; sticky_enabled=&#8221;0&#8243;]<\/p>\n<p style=\"text-align: justify;\">Al digitalizar los servicios de gobierno ya el usuario no tendr\u00e1 que desplazarse a las oficinas de gobierno para realizar cualquier tr\u00e1mite y al centralizar los servicios de telecomunicaciones se reduce el consumo de energ\u00eda el\u00e9ctrica.<\/p>\n<p style=\"text-align: justify;\">Con todas estas acciones el proyecto contribuye significativamente al desarrollo econ\u00f3mico, social y ambiental de Campeche, aline\u00e1ndose con los objetivos de desarrollo sostenible de la ONU.<\/p>\n<p>[\/et_pb_text][\/et_pb_column][\/et_pb_row][\/et_pb_section]<\/p>\n","protected":false},"excerpt":{"rendered":"<p>ImpactoImpacto econ\u00f3mico.En las zonas urbanas que se conectar\u00e1n con fibra \u00f3ptica ya no ser\u00e1 necesario contratar servicios de telecomunicaciones de forma individual, el acceso a banda ancha, publicaciones ip, servicios de nube y servicios de voz y datos ser\u00e1 contratado de forma centralizada para distribuirlos de forma m\u00e1s eficiente y de mayor calidad para poder [&hellip;]<\/p>\n","protected":false},"author":1,"featured_media":0,"parent":0,"menu_order":0,"comment_status":"closed","ping_status":"closed","template":"","meta":{"_et_pb_use_builder":"on","_et_pb_old_content":"","_et_gb_content_width":"","inline_featured_image":false},"acf":[],"_links":{"self":[{"href":"https:\/\/conectividad.campeche.gob.mx\/index.php?rest_route=\/wp\/v2\/pages\/1608"}],"collection":[{"href":"https:\/\/conectividad.campeche.gob.mx\/index.php?rest_route=\/wp\/v2\/pages"}],"about":[{"href":"https:\/\/conectividad.campeche.gob.mx\/index.php?rest_route=\/wp\/v2\/types\/page"}],"author":[{"embeddable":true,"href":"https:\/\/conectividad.campeche.gob.mx\/index.php?rest_route=\/wp\/v2\/users\/1"}],"replies":[{"embeddable":true,"href":"https:\/\/conectividad.campeche.gob.mx\/index.php?rest_route=%2Fwp%2Fv2%2Fcomments&post=1608"}],"version-history":[{"count":14,"href":"https:\/\/conectividad.campeche.gob.mx\/index.php?rest_route=\/wp\/v2\/pages\/1608\/revisions"}],"predecessor-version":[{"id":2180,"href":"https:\/\/conectividad.campeche.gob.mx\/index.php?rest_route=\/wp\/v2\/pages\/1608\/revisions\/2180"}],"wp:attachment":[{"href":"https:\/\/conectividad.campeche.gob.mx\/index.php?rest_route=%2Fwp%2Fv2%2Fmedia&parent=1608"}],"curies":[{"name":"wp","href":"https:\/\/api.w.org\/{rel}","templated":true}]}}